{"id":269,"date":"2025-03-19T19:22:34","date_gmt":"2025-03-19T19:22:34","guid":{"rendered":"https:\/\/diftorreon.gob.mx\/?page_id=269"},"modified":"2025-03-25T16:51:29","modified_gmt":"2025-03-25T16:51:29","slug":"cohesion-social","status":"publish","type":"page","link":"https:\/\/diftorreon.gob.mx\/index.php\/cohesion-social\/","title":{"rendered":"Cohesi\u00f3n Social"},"content":{"rendered":"\n<style type=\"text\/css\" data-created_by=\"avia_inline_auto\" id=\"style-css-av-m8oopl8d-70ba58d84c17633590808c9b6b2a5fe6\">\n#top .av-special-heading.av-m8oopl8d-70ba58d84c17633590808c9b6b2a5fe6{\npadding-bottom:10px;\ncolor:#8e2b91;\nfont-size:3vw;\n}\nbody .av-special-heading.av-m8oopl8d-70ba58d84c17633590808c9b6b2a5fe6 .av-special-heading-tag .heading-char{\nfont-size:25px;\n}\n#top #wrap_all .av-special-heading.av-m8oopl8d-70ba58d84c17633590808c9b6b2a5fe6 .av-special-heading-tag{\nfont-size:3vw;\n}\n.av-special-heading.av-m8oopl8d-70ba58d84c17633590808c9b6b2a5fe6 .special-heading-inner-border{\nborder-color:#8e2b91;\n}\n.av-special-heading.av-m8oopl8d-70ba58d84c17633590808c9b6b2a5fe6 .av-subheading{\nfont-size:15px;\n}\n\n@media only screen and (min-width: 480px) and (max-width: 767px){ \n#top #wrap_all .av-special-heading.av-m8oopl8d-70ba58d84c17633590808c9b6b2a5fe6 .av-special-heading-tag{\nfont-size:0.8em;\n}\n}\n\n@media only screen and (max-width: 479px){ \n#top #wrap_all .av-special-heading.av-m8oopl8d-70ba58d84c17633590808c9b6b2a5fe6 .av-special-heading-tag{\nfont-size:0.8em;\n}\n}\n<\/style>\n<div  class='av-special-heading av-m8oopl8d-70ba58d84c17633590808c9b6b2a5fe6 av-special-heading-h1 custom-color-heading blockquote modern-quote modern-centered  avia-builder-el-0  el_before_av_hr  avia-builder-el-first  av-inherit-size'><h1 class='av-special-heading-tag '  itemprop=\"headline\"  >Direcci\u00f3n de COHESI\u00d3N SOCIAL<\/h1><div class=\"special-heading-border\"><div class=\"special-heading-inner-border\"><\/div><\/div><\/div>\n\n<style type=\"text\/css\" data-created_by=\"avia_inline_auto\" id=\"style-css-av-m8oos13c-867bd9cc4d7bd07c02bdac552c7c2a23\">\n#top .hr.av-m8oos13c-867bd9cc4d7bd07c02bdac552c7c2a23{\nmargin-top:10px;\nmargin-bottom:10px;\n}\n.hr.av-m8oos13c-867bd9cc4d7bd07c02bdac552c7c2a23 .hr-inner{\nwidth:800px;\nborder-color:#fba81c;\n}\n<\/style>\n<div  class='hr av-m8oos13c-867bd9cc4d7bd07c02bdac552c7c2a23 hr-custom  avia-builder-el-1  el_after_av_heading  el_before_av_textblock  hr-center hr-icon-no'><span class='hr-inner inner-border-av-border-fat'><span class=\"hr-inner-style\"><\/span><\/span><\/div>\n\n<style type=\"text\/css\" data-created_by=\"avia_inline_auto\" id=\"style-css-av-m8oothy0-437ed100397e50750a29a4fd37ecca2a\">\n#top .av_textblock_section.av-m8oothy0-437ed100397e50750a29a4fd37ecca2a .avia_textblock{\ntext-align:center;\n}\n<\/style>\n<section  class='av_textblock_section av-m8oothy0-437ed100397e50750a29a4fd37ecca2a '   itemscope=\"itemscope\" itemtype=\"https:\/\/schema.org\/CreativeWork\" ><div class='avia_textblock'  itemprop=\"text\" ><p id=\"u311939-2\">Atender a la poblaci\u00f3n de mayor vulnerabilidad que se encuentre dentro de la jurisdicci\u00f3n del municipio de Torre\u00f3n, buscando en todo momento, que los solicitantes reciban un servicio integral que le permita llevar una vida digna en el entorno social en que se encuentra.<\/p>\n<p id=\"u311939-3\">\n<\/div><\/section>\n\n<style type=\"text\/css\" data-created_by=\"avia_inline_auto\" id=\"style-css-av-m8oov6tv-0b50f99e0a2746be9473659ea86b6f73\">\n#top .av-special-heading.av-m8oov6tv-0b50f99e0a2746be9473659ea86b6f73{\npadding-bottom:10px;\n}\nbody .av-special-heading.av-m8oov6tv-0b50f99e0a2746be9473659ea86b6f73 .av-special-heading-tag .heading-char{\nfont-size:25px;\n}\n.av-special-heading.av-m8oov6tv-0b50f99e0a2746be9473659ea86b6f73 .av-subheading{\nfont-size:15px;\n}\n<\/style>\n<div  class='av-special-heading av-m8oov6tv-0b50f99e0a2746be9473659ea86b6f73 av-special-heading-h1 blockquote modern-quote modern-centered  avia-builder-el-3  el_after_av_textblock  el_before_av_layout_row  avia-builder-el-last '><h1 class='av-special-heading-tag '  itemprop=\"headline\"  >Programas y Servicios<\/h1><div class=\"special-heading-border\"><div class=\"special-heading-inner-border\"><\/div><\/div><\/div>\n<\/div><\/div><\/div><!-- close content main div --><\/div><\/div><div id='av-layout-grid-1'  class='av-layout-grid-container av-av_layout_row-575c31e8c6cc3da0551a44f6e7e59d11 entry-content-wrapper main_color av-flex-cells  avia-builder-el-4  el_after_av_heading  el_before_av_section  grid-row-not-first  container_wrap sidebar_right'  >\n<div class='flex_cell av-av_cell_one_third-9049ca77cd381b8eb45853defb5676d4 av-gridrow-cell av_one_third no_margin  avia-builder-el-5  el_before_av_cell_one_third  avia-builder-el-first '  ><div class='flex_cell_inner'><p>\n<style type=\"text\/css\" data-created_by=\"avia_inline_auto\" id=\"style-css-av-m8op49xa-87c41150c0e670fa43945d5399cc1d77\">\n#top .av-special-heading.av-m8op49xa-87c41150c0e670fa43945d5399cc1d77{\npadding-bottom:10px;\n}\nbody .av-special-heading.av-m8op49xa-87c41150c0e670fa43945d5399cc1d77 .av-special-heading-tag .heading-char{\nfont-size:25px;\n}\n.av-special-heading.av-m8op49xa-87c41150c0e670fa43945d5399cc1d77 .av-subheading{\nfont-size:15px;\n}\n<\/style>\n<div  class='av-special-heading av-m8op49xa-87c41150c0e670fa43945d5399cc1d77 av-special-heading-h3  avia-builder-el-6  el_before_av_heading  avia-builder-el-first '><h3 class='av-special-heading-tag '  itemprop=\"headline\"  >Servicios de Salud<\/h3><div class=\"special-heading-border\"><div class=\"special-heading-inner-border\"><\/div><\/div><\/div><br \/>\n\n<style type=\"text\/css\" data-created_by=\"avia_inline_auto\" id=\"style-css-av-av_heading-7eb5d2b8e3b3e5c8c2a812c4ffe7a5c5\">\n#top .av-special-heading.av-av_heading-7eb5d2b8e3b3e5c8c2a812c4ffe7a5c5{\npadding-bottom:10px;\n}\nbody .av-special-heading.av-av_heading-7eb5d2b8e3b3e5c8c2a812c4ffe7a5c5 .av-special-heading-tag .heading-char{\nfont-size:25px;\n}\n.av-special-heading.av-av_heading-7eb5d2b8e3b3e5c8c2a812c4ffe7a5c5 .av-subheading{\nfont-size:15px;\n}\n<\/style>\n<div  class='av-special-heading av-av_heading-7eb5d2b8e3b3e5c8c2a812c4ffe7a5c5 av-special-heading-h3  avia-builder-el-7  el_after_av_heading  avia-builder-el-last '><h3 class='av-special-heading-tag '  itemprop=\"headline\"  >Paseo Col\u00f3n<\/h3><div class=\"special-heading-border\"><div class=\"special-heading-inner-border\"><\/div><\/div><\/div><\/p>\n<\/div><\/div><div class='flex_cell av-av_cell_one_third-9049ca77cd381b8eb45853defb5676d4 av-gridrow-cell av_one_third no_margin  avia-builder-el-8  el_after_av_cell_one_third  el_before_av_cell_one_third '  ><div class='flex_cell_inner'><p>\n<style type=\"text\/css\" data-created_by=\"avia_inline_auto\" id=\"style-css-av-m8op9k9k-31bde86c5c9db4430216ec41b1ae898e\">\n#top .av-special-heading.av-m8op9k9k-31bde86c5c9db4430216ec41b1ae898e{\npadding-bottom:10px;\n}\nbody .av-special-heading.av-m8op9k9k-31bde86c5c9db4430216ec41b1ae898e .av-special-heading-tag .heading-char{\nfont-size:25px;\n}\n.av-special-heading.av-m8op9k9k-31bde86c5c9db4430216ec41b1ae898e .av-subheading{\nfont-size:15px;\n}\n<\/style>\n<div  class='av-special-heading av-m8op9k9k-31bde86c5c9db4430216ec41b1ae898e av-special-heading-h3  avia-builder-el-9  el_before_av_heading  avia-builder-el-first '><h3 class='av-special-heading-tag '  itemprop=\"headline\"  > Programa AMA<\/h3><div class=\"special-heading-border\"><div class=\"special-heading-inner-border\"><\/div><\/div><\/div><br \/>\n\n<style type=\"text\/css\" data-created_by=\"avia_inline_auto\" id=\"style-css-av-m8oq8sf1-bce3b254a96f83061f0905e5d8cb9799\">\n#top .av-special-heading.av-m8oq8sf1-bce3b254a96f83061f0905e5d8cb9799{\npadding-bottom:10px;\n}\nbody .av-special-heading.av-m8oq8sf1-bce3b254a96f83061f0905e5d8cb9799 .av-special-heading-tag .heading-char{\nfont-size:25px;\n}\n.av-special-heading.av-m8oq8sf1-bce3b254a96f83061f0905e5d8cb9799 .av-subheading{\nfont-size:15px;\n}\n<\/style>\n<div  class='av-special-heading av-m8oq8sf1-bce3b254a96f83061f0905e5d8cb9799 av-special-heading-h3  avia-builder-el-10  el_after_av_heading  avia-builder-el-last '><h3 class='av-special-heading-tag '  itemprop=\"headline\"  >Lactario<\/h3><div class=\"special-heading-border\"><div class=\"special-heading-inner-border\"><\/div><\/div><\/div><\/p>\n<\/div><\/div>\n<style type=\"text\/css\" data-created_by=\"avia_inline_auto\" id=\"style-css-av-av_cell_one_third-7b2dfb209afb870a55451575d23bd5b9\">\n.flex_cell.av-av_cell_one_third-7b2dfb209afb870a55451575d23bd5b9{\nvertical-align:top;\n}\n<\/style>\n<div class='flex_cell av-av_cell_one_third-7b2dfb209afb870a55451575d23bd5b9 av-gridrow-cell av_one_third no_margin  avia-builder-el-11  el_after_av_cell_one_third  avia-builder-el-last  content-align-top'  ><div class='flex_cell_inner'>\n<style type=\"text\/css\" data-created_by=\"avia_inline_auto\" id=\"style-css-av-m8opcp8l-8183066058737a80894ab4a0e7bbe109\">\n#top .av-special-heading.av-m8opcp8l-8183066058737a80894ab4a0e7bbe109{\npadding-bottom:10px;\n}\nbody .av-special-heading.av-m8opcp8l-8183066058737a80894ab4a0e7bbe109 .av-special-heading-tag .heading-char{\nfont-size:25px;\n}\n.av-special-heading.av-m8opcp8l-8183066058737a80894ab4a0e7bbe109 .av-subheading{\nfont-size:15px;\n}\n<\/style>\n<div  class='av-special-heading av-m8opcp8l-8183066058737a80894ab4a0e7bbe109 av-special-heading-h3  avia-builder-el-12  avia-builder-el-no-sibling '><h3 class='av-special-heading-tag '  itemprop=\"headline\"  >Sillas de Ruedas y Ortop\u00e9dicos<\/h3><div class=\"special-heading-border\"><div class=\"special-heading-inner-border\"><\/div><\/div><\/div>\n<\/div><\/div><\/div>\n<style type=\"text\/css\" data-created_by=\"avia_inline_auto\" id=\"style-css-av-m8oqbr4q-178770decb8f8d67976abe40d535782d\">\n.avia-section.av-m8oqbr4q-178770decb8f8d67976abe40d535782d .av-parallax .av-parallax-inner{\nbackground-repeat:no-repeat;\nbackground-image:url(https:\/\/diftorreon.gob.mx\/wp-content\/uploads\/2025\/03\/fondodif2.png);\nbackground-position:0% 50%;\nbackground-attachment:scroll;\n}\n<\/style>\n<div id='av_section_1'  class='avia-section av-m8oqbr4q-178770decb8f8d67976abe40d535782d main_color avia-section-default avia-no-border-styling  avia-builder-el-13  el_after_av_layout_row  avia-builder-el-last  av-parallax-section avia-bg-style-parallax container_wrap sidebar_right'  data-section-bg-repeat='no-repeat'><div class='av-parallax' data-avia-parallax-ratio='0.3' ><div class='av-parallax-inner main_color avia-full-stretch'><\/div><\/div><div class='container av-section-cont-open' ><div class='template-page content  av-content-small alpha units'><div class='post-entry post-entry-type-page post-entry-269'><div class='entry-content-wrapper clearfix'>\n\n<style type=\"text\/css\" data-created_by=\"avia_inline_auto\" id=\"style-css-av-m8oqc709-a5b04dc221e3668e0a99f6621f151d5c\">\n.avia-image-container.av-m8oqc709-a5b04dc221e3668e0a99f6621f151d5c img.avia_image{\nbox-shadow:none;\n}\n.avia-image-container.av-m8oqc709-a5b04dc221e3668e0a99f6621f151d5c .av-image-caption-overlay-center{\ncolor:#ffffff;\n}\n<\/style>\n<div  class='avia-image-container av-m8oqc709-a5b04dc221e3668e0a99f6621f151d5c av-styling- avia-align-center  avia-builder-el-14  el_before_av_one_half  avia-builder-el-first '   itemprop=\"image\" itemscope=\"itemscope\" itemtype=\"https:\/\/schema.org\/ImageObject\" ><div class=\"avia-image-container-inner\"><div class=\"avia-image-overlay-wrap\"><img decoding=\"async\" fetchpriority=\"high\" class='wp-image-129 avia-img-lazy-loading-not-129 avia_image ' src=\"https:\/\/diftorreon.gob.mx\/wp-content\/uploads\/2025\/03\/difsombra3-173x300.png\" alt='' title='difsombra3'  height=\"300\" width=\"173\"  itemprop=\"thumbnailUrl\" srcset=\"https:\/\/diftorreon.gob.mx\/wp-content\/uploads\/2025\/03\/difsombra3-173x300.png 173w, https:\/\/diftorreon.gob.mx\/wp-content\/uploads\/2025\/03\/difsombra3.png 385w\" sizes=\"(max-width: 173px) 100vw, 173px\" \/><\/div><\/div><\/div>\n<div  class='flex_column av-av_one_half-2d22dc0500e159f2b39fe7a147caf14c av_one_half  avia-builder-el-15  el_after_av_image  el_before_av_one_half  first flex_column_div  '     ><style type=\"text\/css\" data-created_by=\"avia_inline_auto\" id=\"style-css-av-m8oqfuhy-da758816ec157b22de8ef62971795e98\">\n#top .av_textblock_section.av-m8oqfuhy-da758816ec157b22de8ef62971795e98 .avia_textblock{\ncolor:#ffffff;\n}\n<\/style>\n<section  class='av_textblock_section av-m8oqfuhy-da758816ec157b22de8ef62971795e98 '   itemscope=\"itemscope\" itemtype=\"https:\/\/schema.org\/CreativeWork\" ><div class='avia_textblock av_inherit_color'  itemprop=\"text\" ><h2 style=\"text-align: center;\">CIUDAD DIF<\/h2>\n<p style=\"text-align: center;\">Calzada de Los Continentes #500<br \/>\nFracc. Las Etnias C.P. 27058, Torre\u00f3n, Coah. Tel. (871) 229-3300<\/p>\n<\/div><\/section><\/div><div  class='flex_column av-av_one_half-3b0d446bf9e6f7db91541aa567be4cdf av_one_half  avia-builder-el-17  el_after_av_one_half  avia-builder-el-last  flex_column_div  '     ><style type=\"text\/css\" data-created_by=\"avia_inline_auto\" id=\"style-css-av-m8oqga9z-202c0ba4d5bf63f13b4e85d968324158\">\n#top .av_textblock_section.av-m8oqga9z-202c0ba4d5bf63f13b4e85d968324158 .avia_textblock{\ncolor:#ffffff;\n}\n<\/style>\n<section  class='av_textblock_section av-m8oqga9z-202c0ba4d5bf63f13b4e85d968324158 '   itemscope=\"itemscope\" itemtype=\"https:\/\/schema.org\/CreativeWork\" ><div class='avia_textblock av_inherit_color'  itemprop=\"text\" ><h2 style=\"text-align: center;\">DIF REVOLUCI\u00d3N<\/h2>\n<p style=\"text-align: center;\">Blvd. Revoluci\u00f3n No. 639 Pte.<br \/>\nCol. Centro. C.P. 27000, Torre\u00f3n, Coah.<\/p>\n<\/div><\/section><\/div><\/div><\/div><\/div><!-- close content main div --><\/div><\/div><div id='after_section_1'  class='main_color av_default_container_wrap container_wrap sidebar_right'  ><div class='container av-section-cont-open' ><div class='template-page content  av-content-small alpha units'><div class='post-entry post-entry-type-page post-entry-269'><div class='entry-content-wrapper clearfix'><\/p>\n","protected":false},"excerpt":{"rendered":"","protected":false},"author":1,"featured_media":0,"parent":0,"menu_order":0,"comment_status":"closed","ping_status":"closed","template":"","meta":{"footnotes":""},"class_list":["post-269","page","type-page","status-publish","hentry"],"_links":{"self":[{"href":"https:\/\/diftorreon.gob.mx\/index.php\/wp-json\/wp\/v2\/pages\/269","targetHints":{"allow":["GET"]}}],"collection":[{"href":"https:\/\/diftorreon.gob.mx\/index.php\/wp-json\/wp\/v2\/pages"}],"about":[{"href":"https:\/\/diftorreon.gob.mx\/index.php\/wp-json\/wp\/v2\/types\/page"}],"author":[{"embeddable":true,"href":"https:\/\/diftorreon.gob.mx\/index.php\/wp-json\/wp\/v2\/users\/1"}],"replies":[{"embeddable":true,"href":"https:\/\/diftorreon.gob.mx\/index.php\/wp-json\/wp\/v2\/comments?post=269"}],"version-history":[{"count":13,"href":"https:\/\/diftorreon.gob.mx\/index.php\/wp-json\/wp\/v2\/pages\/269\/revisions"}],"predecessor-version":[{"id":326,"href":"https:\/\/diftorreon.gob.mx\/index.php\/wp-json\/wp\/v2\/pages\/269\/revisions\/326"}],"wp:attachment":[{"href":"https:\/\/diftorreon.gob.mx\/index.php\/wp-json\/wp\/v2\/media?parent=269"}],"curies":[{"name":"wp","href":"https:\/\/api.w.org\/{rel}","templated":true}]}}